
Let t(p) be the first derivative of p**2/2 - p + 1. Let d be 8/(3 - (-87)/(-30)). Let i be 2/3 - d/(-15). What is t(i)?
5
Let u = 76 + -78. Let o(j) = -5*j - 7. What is o(u)?
3
Let b(z) = 1 + 14 - 9*z - 11*z + 21*z. Calculate b(0).
15
Suppose 0 = -2*q + 2*f - 0 - 2, -2*q - 4*f = -22. Let p(r) = 2*r - q - r + r + r. Determine p(3).
6
Let u(r) = r**2 + 5*r + 2. Let z be u(-5). Let g be 53*(6 + (2 - -1)). Let q(o) = 476 + 2*o + 0*o - g + 0*o. What is q(z)?
3
Let a = 31 + -28. Suppose -6*y + a*y = -3. Let d(u) = -2*u. Calculate d(y).
-2
Let z(o) = 2*o**3 - 1. Suppose 0*u + 3*u = -3. Calculate z(u).
-3
Let m(i) = i**3 + 3*i**2 - 24*i - 15. Let x be m(-6). Let o be (x/(-9))/(3/9). Let d(k) = -k**3 - 7*k**2 + 7. Determine d(o).
7
Let x be (3/(-6))/((-2)/(-20)). Let d(f) = 7*f**3 + 7*f**2 + 14*f + 19. Let i(c) = -4*c**3 - 3*c**2 - 7*c - 10. Let z(t) = 3*d(t) + 5*i(t). What is z(x)?
-3
Let y = -933 - -936. Let k(q) = -q**2 - q + 1. Let g(w) = w**3 + 2*w**2 + 8*w - 9. Let s(h) = g(h) + 5*k(h). Calculate s(y).
5
Let j = 448 - 440. Let q(y) = y**2 - 9*y + 2. Give q(j).
-6
Let u(m) = -4 + 5 - 3*m + 2*m + 3 - 3. What is u(-4)?
5
Let b be (30/35)/(3/(-21)). Let q(a) = -2*a + 5. What is q(b)?
17
Let x be (-72)/15 + (-1)/5. Let q(j) = -j + 8. Let d be q(6). Let b(i) = -6*i**d - 7 + 3*i**3 - 11*i + 7*i - 4*i**3. What is b(x)?
-12
Let j(p) = -p**2 + p + 10. Suppose -5*f + 2*f = -6*f. Give j(f).
10
Suppose -t = -0 - 1. Let c = -2 - -4. Suppose -c = -a + t. Let g(i) = i**2 - 3*i - 3. Calculate g(a).
-3
Let j(q) be the third derivative of -q**4/24 - 5*q**3/3 - 12*q**2. Suppose 4*i + 3*r = -31, -1 = 3*r + 2. What is j(i)?
-3
Let p(g) = g**2 - 7*g + 4. Let j be ((-14)/2)/(-2 - -3). Let v(d) = -d**2 - 9*d - 9. Let h be v(j). Let n be ((-2)/h)/(10/(-150)). What is p(n)?
-2
Let q(v) = 1 + 902*v**2 + v + 902*v**2 - 1803*v**2. What is q(-2)?
3
Suppose -2*d = 3*d - 35. Let t(g) = g + d - 4*g - 4 + 4*g. Let j(i) = 2*i**2 + 22*i. Let z be j(-11). What is t(z)?
3
Let q = -1 + 2. Let a = 19 + q. Let h = 16 - a. Let l(d) = d**3 + 5*d**2 + 4*d + 2. Determine l(h).
2
Suppose -10*l - 23 = 7. Let z(f) = f**2 + 4*f + 1. What is z(l)?
-2
Suppose -7*q + 5*f + 10 = -2*q, 4*q + f - 13 = 0. Let y(m) = m**3 + 2*m**2. Calculate y(q).
45
Let w(v) = -v**2 + 4*v + 9. Let i(u) = -2*u**3 - 2*u**2 + 56*u + 110. Let z be i(-2). What is w(z)?
-3
Let f(m) = m + 4. Suppose -5*z = 2*i - 7*i - 5, -3*i = 3*z + 27. Let o be 3 - (-4 - z) - 15. Let n be ((-6)/o)/((-1)/12). Determine f(n).
-2
Let z(l) be the first derivative of 5*l**3/3 - 2*l**2 + 3*l + 46. Let o be (1/(-3))/(6/(-36)). What is z(o)?
15
Let r(o) = 12*o**2 - 71*o**3 + 70*o**3 - o - 13 + 25. Determine r(12).
0
Suppose -9*f - 153 = 72. Let d = f + 23. Let z be -3*(5/5 + d). Let a(y) = -y**3 + 2*y**2 + 2*y - 3. Calculate a(z).
-6
Let a be (-5)/((-3)/4 + 18/(-216)). Let w(h) = -h**2 - 5*h - 2. Let v be w(-4). Let u(d) = -d**3 + 5*d**2 + v*d**2 + 2 - 6*d - 8. Give u(a).
-6
Let w(l) = -l**2 + l + 2. Let z(k) = 3*k**2 - k - 4. Suppose 0*j + 5 = -j. Let q(a) = j*w(a) - 2*z(a). Suppose -423*h + 424*h + 3 = 0. Calculate q(h).
-2
Let b be (0 - (-8)/(-12))*-3. Suppose b*t - 13 = -5. Let k(h) = h**3 - 3*h**2 - 2*h + 6. Determine k(t).
14
Let v(b) = -16*b**2 + 3*b + 7. Let y = 30 - 28. Let d(a) = -5*a**2 + a + 2. Let z(h) = y*v(h) - 7*d(h). What is z(-1)?
4
Let z be 2*5/2 + 0. Let f(t) be the third derivative of t**6/120 - t**5/15 - t**4/6 - 5*t**3/6 - 5*t**2 + 3*t. Determine f(z).
0
Let z(d) = d**3 + 20*d**2 - 2*d - 27. Let t be z(-20). Let l = t - 11. Let i(x) be the first derivative of 3*x**2/2 - 2*x + 2. What is i(l)?
4
Let g(k) = -7*k - 45. Let j be g(-6). Let n(t) = 2*t**3 - t**2 + t. Let h(q) = q**2. Let v(f) = j*h(f) - n(f). Determine v(-1).
1
Let u(g) = g + 1. Suppose -c - 210 = 20*c. What is u(c)?
-9
Let q(z) = -5*z + 2. Let x(w) = -2*w + 1. Let s(g) = -q(g) + 3*x(g). Let j be (-3*1)/(2/(-2)). Suppose 0*k = -3*k + j. Determine s(k).
0
Let r(h) = 3*h - 2. Let f = 0 - -14. Let x be f/7*1*2. What is r(x)?
10
Let y(c) = 7*c**2 - 66*c - 44. Let i be y(10). Let r(a) = -a + 9. Calculate r(i).
13
Let h(s) = 13*s + 60*s + 7 - 71*s. Let o(t) = -t - 1. Let w be o(5). Calculate h(w).
-5
Let f = 29 - 36. Let c = -6 + 9. Let q(i) = 52*i**3 - 9*i + i + 6*i**2 - 51*i**3 - c. Calculate q(f).
4
Let d(y) be the second derivative of -y**3/3 - 4*y - 1. Let l(w) = 6*w + 3. Let f(t) = 2*d(t) + l(t). What is f(-5)?
-7
Let y(a) = -a - 4. Let f = 38 - 34. Suppose -8 = 3*w + f. What is y(w)?
0
Let s(l) = -2*l**2 - 9*l + 15*l - 29 + 12*l. Let x(r) = 3*r**2 - 27*r + 43. Let q(n) = -7*s(n) - 5*x(n). What is q(8)?
-4
Let v(c) be the second derivative of c**3/6 + 2*c**2 + c + 8. Let l = -28 - -22. Calculate v(l).
-2
Let v = -26 - -28. Let p(l) = 5*l**2 + 4*l**v - 17 - 4*l**2 - l**3 - 4*l**2. Determine p(0).
-17
Suppose -3*d - 39 = -2*z + 7, -3*d = 3*z + 36. Let f(w) = w**2 + 14*w - 19. What is f(d)?
-19
Let l be (2/6)/(2/12). Suppose 0 = l*a + 2*a - 8. Let q(m) = m - 11*m**a + 8*m**2 - 5 + 4 + 2*m**2. Calculate q(0).
-1
Let a(t) = -19*t + 20. Let g(f) = -7*f + 7. Let y(m) = 4*a(m) - 11*g(m). Calculate y(-12).
-9
Let f = -294 - -307. Let m(s) = -s**3 + 13*s**2 + s - 13. Determine m(f).
0
Let f(s) = s**2 + 6*s + 8. Let u(m) = -m**3 + 29*m**2 + m - 35. Let t be u(29). What is f(t)?
8
Let w(o) be the second derivative of 0 - 1/20*o**5 + 1/4*o**4 + 1/2*o**2 + 2/3*o**3 + 3*o. Let m(k) = -k**3 + 3*k**2 - k + 4. Let t be m(0). Give w(t).
1
Let c(n) = 4*n - 2. Let x(v) = -9*v + 5. Let w(p) = 7*c(p) + 3*x(p). Suppose -21 = 7*m + 7. Calculate w(m).
-3
Let o(i) = -i + 11. Let t(p) = -p**3 - 5*p**2 - p - 1. Let f be 3/(-12) + 30/(-8). Let n be t(f). Let a = n + 19. Determine o(a).
5
Let v(m) = 11*m**3 - 4*m**2 - 6*m + 6. Let d(b) = 2*b**3 - b**2 - b + 1. Let i(h) = -6*d(h) + v(h). Calculate i(1).
1
Let d(n) = n**2 - 7*n + 20. Let x be d(8). Let o(b) = 3 - x*b + 22*b - 2. Let a(y) = -6*y + 1. Let w(i) = -4*a(i) + 5*o(i). Determine w(-2).
13
Let q = -104 - -112. Let u(t) = -t**2 + 9*t - 8. Determine u(q).
0
Let p(a) = -a + 1. Suppose -5*n - 10 = -5*b, n - 5 = -b - 1. Let w(q) = -4*q - 4. Let g(l) = n*w(l) - 5*p(l). Let x be 1 - 0 - (-1 - 2). What is g(x)?
-5
Let k(g) = -2*g - 20. Let h = -394 + 385. Determine k(h).
-2
Suppose 0 = -25*v + 32*v + 21. Let p(u) be the first derivative of u**4/4 + 2*u**3/3 - u - 1. Give p(v).
-10
Let o be (3/(-2) + 1)*-4. Let z(r) = 1 + r - o - 3*r + 12*r**3 + 0. Let h be (-4)/3 - 2/(-6). Determine z(h).
-11
Let c(u) = -u + 10. Let n(q) = -40*q + 215. Let x be n(5). Give c(x).
-5
Let w be (0 + 2/2)/((-1)/(-8)). Let v(b) = 0*b - 4*b + 5*b - 7 + b. Give v(w).
9
Suppose 1 - 15 = -14*w. Let p(z) = -2 - 5*z**2 + w - 6*z + 6*z. Determine p(1).
-6
Let k(d) = d + 1. Let i be (6 - 0) + 0/5. Suppose -2*g = -6*r + 2*r + 24, r - 5*g - i = 0. Calculate k(r).
7
Let l(c) be the second derivative of -c**4/12 + c**3/6 - c**2/2 + 57*c. Give l(4).
-13
Let g(x) be the third derivative of -x**5/20 - x**4/6 - x**3/2 + 35*x**2. Suppose 0 = u + 2*y - 4, -3*u + 4*y = 18. Give g(u).
-7
Suppose 0 = 4*a - 16 - 12. Let w = -7 + a. Let y be (-4)/(-4) + 1 + w. Let o(f) = 2*f - 3. Determine o(y).
1
Let h(y) = 5*y**2 + 11*y + 5. Let a(j) = 9*j**2 + 21*j + 9. Let l(m) = 4*a(m) - 7*h(m). Let r be (-4)/(-8 - -4) + 24/(-4). Give l(r).
-9
Let x(v) = -3*v - 4. Suppose 2*g - 5*r = -0*g + 20, 5*g - 17 = -4*r. Suppose -5*l - 4*u = -31, g*l + 6 - 1 = 5*u. Determine x(l).
-13
Let c = -45 - -52. Let y(t) = 6*t - t**2 - 3 - 3*t + c*t. Give y(8).
13
Let k(x) be the third derivative of -x**4/12 - x**3/6 + 6*x**2. Let d = -22 + 21. What is k(d)?
1
Let i(d) = 4*d**2 - 11*d + 11. Let n(t) = 5*t**2 - 12*t + 12. Let o(k) = 6*i(k) - 5*n(k). Determine o(-8).
-10
Let x = 302 - 300. Let l(q) be the first derivative of -5 + 2*q - 1/2*q**x. What is l(-2)?
4
Let j(y) = -3*y**2 - 10*y + 13. Let u(g) = -11*g**2 - 30*g + 39. Let h(v) = -7*j(v) + 2*u(v). Calculate h(9).
-4
Let u(j) = -j**2 - 10*j - 11. Suppose 5*l - 1 = -56. Let o be u(l). Let z be (-3)/2 - 11/o. Let x(k) = -k. What is x(z)?
1
Let y be 1 - 8/2 - (4 - 7). Suppose 0*i + i - 3 = y. Let c(g) = -g**3 + 2*g**2 + 4*g + 1. What is c(i)?
4
Let v(w) = 3*w**3 + 9*w**2 - 7*w - 8. Let g(a) = -2*a**3 - 8*a**2 + 6*a + 7. Let c(x) = -7*g(x) - 6*v(x). Determine c(-1).
5